{"id":2543,"date":"2022-06-29T16:34:04","date_gmt":"2022-06-29T16:34:04","guid":{"rendered":"https:\/\/www.treatwell.be/fr/partenaires\/?page_id=2543"},"modified":"2024-12-18T16:06:07","modified_gmt":"2024-12-18T16:06:07","slug":"programme-de-parrainage-treatwell-pro-termes-et-conditions","status":"publish","type":"page","link":"https:\/\/www.treatwell.be/fr/partenaires\/recommander-un-salon-partner\/programme-de-parrainage-treatwell-pro-termes-et-conditions\/","title":{"rendered":"Programme de parrainage Treatwell PRO &#8211; Termes et Conditions"},"content":{"rendered":"\n<section  class=\"pt-[calc(var(--top-header)+var(--site-header-h-mobile)+40px)] lg:pt-[calc(var(--top-header)+var(--site-header-h-desktop)+48px)] bg-ethereal-white pb-10 lg:pb-12 xl:pb-16\">\n    <div class=\"container\">\n                    <h1 class=\"text-h2 md:text-5xl lg:text-6xl leading-none tracking-tighter font-bold text-center max-w-3xl mx-auto\">\n                Programme de parrainage Treatwell PRO &#8211; Termes et Conditions            <\/h1>\n        \n                    <h2 class=\"text-base md:text-xl lg:text-2xl leading-tight text-center md:max-w-xl xl:max-w-3xl mx-auto mt-6 lg:mt-4\">\n                Juin 2022            <\/h2>\n            <\/div>\n<\/section>\n\n\n    <section  class=\"\">\n        <div class=\"container\">\n            <article class=\"single-post-container\">\n                <div class=\"entry-content\">\n                    <p>Veuillez lire attentivement les pr\u00e9sentes Conditions G\u00e9n\u00e9rales avant de participer au Programme de r\u00e9f\u00e9rencement Treatwell PRO (le &#8221; Programme &#8220;) car elles s&#8217;appliquent. Si vous n&#8217;\u00eates pas d&#8217;accord avec ces Conditions G\u00e9n\u00e9rales, vous ne devez pas participer au Programme. Veuillez noter que nos Conditions et Politiques telles que d\u00e9finies dans la section &#8220;Legal&#8221; de notre site web continueront \u00e0 s&#8217;appliquer \u00e0 votre utilisation de notre site web et de Treatwell PRO. Le programme est promu et g\u00e9r\u00e9 par :<\/p>\n<ul>\n<li>En Grande-Bretagne &#8211; Treatwell Limited : Fairfax House, 15 Fulwood Place, Londres, WC1V 6HU<\/li>\n<li>En Irlande &#8211; Treatwell IE, branche de Treatwell Limited : Fairfax House, 15 Fulwood Place, Londres, WC1V 6HU<\/li>\n<li>En Lituanie &#8211; Treatwell LT UAB : J. Basanavi\u010diaus g. 15, 03108 Vilnius, Lituanie<br \/>\nEn Espagne &#8211; Treatwell Spain s.l. : Carrer de Balmes, 7, Planta 3, 08007 Barcelona, Espagne<\/li>\n<li>En Italie &#8211; Treatwell IT s.r.l. : Via Aldo Manuzio, 17, 20124, Milano, Italie<\/li>\n<li>En France &#8211; Treatwell FR : 52 rue de la Chauss\u00e9e d&#8217;Antin &#8211; 75009 Paris, France<\/li>\n<li>Aux Pays-Bas et en Belgique &#8211; Treatwell BNL B.V. : Nieuwezijds Voorburgwal 120-126, 1012 SH Amsterdam, Pays-Bas<\/li>\n<li>En Allemagne &#8211; Treatwell DACH GmbH : Greifswalder Str. 212, 10405 Berlin, Allemagne<\/li>\n<li>En Suisse &#8211; Treatwell DACH GmbH, Zweigniederlassung Z\u00fcrich : Haggenholzstrasse 83b, 8050 Z\u00fcrich<\/li>\n<li>En Autriche &#8211; Treatwell DACH GmbH, Zweigniederlassung Wien : Badhausgasse 18-20, Top 1-3, Lerchenfelderstra\u00dfe 95-97, 1070 Wien<\/li>\n<li>Au Portugal &#8211; Treatwell PT, Unipessoal, Lda : Rua Garrett, n.\u00ba 64, freguesia de Santa Maria Maior, concelho de Lisboa, 1200-204, Lisboa<\/li>\n<\/ul>\n<p>(&#8220;Treatwell&#8221;).<\/p>\n<h2>ELIGIBILITE, SOUMISSION ET RESTRICTIONS<\/h2>\n<p>Le Programme est ouvert aux utilisateurs \u00e9ligibles de Treatwell PRO (&#8220;Referrer&#8221;) qui &#8220;r\u00e9f\u00e8rent un ami&#8221; pour acheter un abonnement Treatwell PRO, sous r\u00e9serve des conditions et restrictions suivantes :<\/p>\n<ul>\n<li>Les r\u00e9f\u00e9rents doivent \u00eatre des partenaires Treatwell existants avec un abonnement Treatwell PRO actif.<\/li>\n<li>Les r\u00e9f\u00e9rents ne seront pas \u00e9ligibles si :\n<ul>\n<li>leur abonnement Treatwell PRO n&#8217;est plus en vigueur pour une raison quelconque ; ou<\/li>\n<li>le r\u00e9f\u00e9rent a fourni un avis pour annuler son abonnement \u00e0 Treatwell PRO ; ou<\/li>\n<li>le Parrain est en infraction avec l&#8217;un des termes de son Accord Treatwell PRO.<\/li>\n<\/ul>\n<\/li>\n<li>Seul le Propri\u00e9taire du compte Treatwell (TW Pro &amp; TW Connect) peut \u00eatre un Parrain (ou vous \u00eates un employ\u00e9 d&#8217;un Partenaire et avez le consentement du Propri\u00e9taire pour faire le parrainage).<\/li>\n<li>Les r\u00e9f\u00e9rents doivent fournir toutes les informations demand\u00e9es sur le futur partenaire Treatwell (&#8221; r\u00e9f\u00e9rent &#8220;) via le formulaire de soumission en ligne pour \u00eatre \u00e9ligibles (&#8221; r\u00e9f\u00e9rent &#8220;). Toute participation effectu\u00e9e autrement que via le formulaire de soumission en ligne ne sera pas prise en compte.<\/li>\n<li>Les r\u00e9f\u00e9rents et les arbitres doivent \u00eatre r\u00e9sidents d&#8217;un pays dans lequel Treatwell op\u00e8re actuellement au moment du renvoi.<\/li>\n<li>Tout arbitre dont Treatwell s&#8217;occupe d\u00e9j\u00e0 activement ne sera pas \u00e9ligible comme r\u00e9f\u00e9rence.<\/li>\n<li>Tout parrainage effectu\u00e9 par des r\u00e9f\u00e9rents pour des arbitres pour lesquels le r\u00e9f\u00e9rent a un int\u00e9r\u00eat l\u00e9gal ou b\u00e9n\u00e9ficiaire dans l&#8217;arbitre (que ce soit directement ou indirectement) ne sera pas \u00e9ligible.<\/li>\n<li>Tout Arbitre ne doit pas : (i) avoir \u00e9t\u00e9 pr\u00e9c\u00e9demment un Partenaire qui a \u00e9t\u00e9 r\u00e9sili\u00e9 par Treatwell pour une violation des Conditions Commerciales des Partenaires ; ou (ii) \u00eatre autrement consid\u00e9r\u00e9 par Treatwell \u00e0 sa seule discr\u00e9tion comme in\u00e9ligible.<\/li>\n<li>Si de nombreux Parrainages sont effectu\u00e9s pour le m\u00eame Arbitre, un seul Parrain sera \u00e9ligible pour ce Parrainage, \u00e0 la seule discr\u00e9tion de Treatwell.<\/li>\n<li>Les r\u00e9f\u00e9rents et les arbitres (le cas \u00e9ch\u00e9ant) doivent \u00eatre \u00e2g\u00e9s de 18 ans ou plus.<\/li>\n<li>Le programme est actif \u00e0 partir de la date \u00e0 laquelle il est communiqu\u00e9 \u00e0 un r\u00e9f\u00e9rent potentiel.<\/li>\n<li>Le R\u00e9gime exclut les employ\u00e9s, les contractants ou les travailleurs de Treatwell ou de toute Soci\u00e9t\u00e9 du Groupe et leurs familles imm\u00e9diates, ainsi que toute personne li\u00e9e professionnellement au R\u00e9gime.<\/li>\n<li>Il peut \u00eatre demand\u00e9 au r\u00e9f\u00e9rent ou \u00e0 l&#8217;arbitre de fournir une preuve d&#8217;identit\u00e9.<\/li>\n<li>Les inscriptions provenant de commerces, de groupes de consommateurs, de tiers, d&#8217;agents ou les inscriptions g\u00e9n\u00e9r\u00e9es automatiquement par ordinateur ne seront pas accept\u00e9es.<\/li>\n<li>Treatwell se r\u00e9serve le droit de retirer le Programme (ou de modifier les pr\u00e9sentes Conditions G\u00e9n\u00e9rales) \u00e0 tout moment et pour toute raison. Tout parrainage effectu\u00e9 apr\u00e8s le retrait du programme ne sera pas valide.<\/li>\n<\/ul>\n<h2>LE BILLET :<\/h2>\n<ul>\n<li>Le parrain pourra recevoir un bon d&#8217;achat \u00e9lectronique Amazon (le &#8220;bon d&#8217;achat&#8221;).<\/li>\n<li>Le r\u00e9f\u00e9rent ne deviendra \u00e9ligible pour un Bon qu&#8217;une fois que le r\u00e9f\u00e9rent aura sign\u00e9 un contrat pour un engagement annuel aupr\u00e8s de Treatwell PRO (&#8221; R\u00e9f\u00e9rent compl\u00e9t\u00e9 &#8220;).<\/li>\n<li>Le renvoi compl\u00e9t\u00e9 doit avoir lieu dans les 60 jours suivant le renvoi.<\/li>\n<li>Le r\u00e9f\u00e9rent pourra recevoir 1 (un) bon d&#8217;achat Amazon pour chaque parrainage effectu\u00e9.<\/li>\n<li>La valeur du Bon fourni sera calcul\u00e9e selon le tableau ci-dessous en fonction du nombre de personnes inscrites sur le compte Treatwell PRO de l&#8217;arbitre :\n<ul>\n<li>Nombre d&#8217;employ\u00e9s 0-2<br \/>\nValeur du bon d&#8217;achat \u00a3\/\u20ac150<\/li>\n<li>Nombre d&#8217;employ\u00e9s 3-5<br \/>\nValeur du bon d&#8217;achat \u00a3\/\u20ac250<\/li>\n<li>Nombre d&#8217;employ\u00e9s 6+<br \/>\nValeur du bon d&#8217;achat \u00a3\/\u20ac400<\/li>\n<\/ul>\n<\/li>\n<li>Le Bon sera destin\u00e9 \u00e0 la place de march\u00e9 Amazon o\u00f9 r\u00e9side le Parrain. Le bon sera libell\u00e9 dans la devise utilis\u00e9e par le pays o\u00f9 r\u00e9side le parrain (\u00a3GBP ou \u20acEUR).<\/li>\n<li>L&#8217;utilisation du bon d&#8217;achat est soumise aux conditions g\u00e9n\u00e9rales d&#8217;Amazon. Il est de la seule responsabilit\u00e9 du r\u00e9f\u00e9rent de se conformer \u00e0 ces conditions.<\/li>\n<li>Le bon ne peut pas \u00eatre \u00e9chang\u00e9 en m\u00eame temps que d&#8217;autres offres ou programmes.<\/li>\n<li>Aucune alternative en esp\u00e8ces n&#8217;est disponible.<\/li>\n<li>L&#8217;\u00e9change du bon est soumis \u00e0 la disponibilit\u00e9.<\/li>\n<li>Treatwell se r\u00e9serve le droit de remplacer le Bon par un autre de m\u00eame valeur.<\/li>\n<li>Treatwell se r\u00e9serve le droit de refuser de fournir un Bon si elle estime raisonnablement qu&#8217;il y a eu une violation des pr\u00e9sentes Conditions G\u00e9n\u00e9rales ou qu&#8217;il y a eu une activit\u00e9 ill\u00e9gale li\u00e9e au Programme.<\/li>\n<\/ul>\n<h2>LIVRAISON<\/h2>\n<ul>\n<li>Le Parrain recevra automatiquement le(s) Bon(s) par email dans les 60 jours suivant la r\u00e9alisation du Parrainage. Si l&#8217;abonnement Treatwell PRO du Parrain est annul\u00e9 pendant cette p\u00e9riode de 60 jours, l&#8217;\u00e9ligibilit\u00e9 du Parrain \u00e0 recevoir le(s) Bon(s) sera annul\u00e9e.<\/li>\n<li>Le Bon ne sera d\u00e9livr\u00e9 qu&#8217;\u00e0 l&#8217;adresse email du Propri\u00e9taire associ\u00e9e au compte Treatwell PRO du R\u00e9f\u00e9rent. Les Parrains sont responsables de la mise \u00e0 jour de leur adresse email dans Treatwell PRO. Treatwell ne sera pas responsable de la non-livraison si l&#8217;adresse est incorrecte.<\/li>\n<li>Treatwell ne sera pas responsable d&#8217;un ou de plusieurs Bons non livr\u00e9s, de retards ou de d\u00e9fauts de livraison pour quelque raison que ce soit, ou de la perte du Bon.<\/li>\n<li>Treatwell ne sera pas tenu responsable de toute blessure, perte ou dommage r\u00e9sultant de tout achat effectu\u00e9 en utilisant le Bon.<\/li>\n<\/ul>\n<h2>PROTECTION DES DONN\u00c9ES<\/h2>\n<p>Si vous choisissez de participer au programme, Treatwell vous demandera de fournir votre nom complet, votre adresse e-mail, votre num\u00e9ro de t\u00e9l\u00e9phone et votre adresse postale.<\/p>\n<p>En participant au Programme et en fournissant les informations personnelles list\u00e9es ci-dessus, vous acceptez de recevoir des communications concernant le Programme et votre\/vos Bon(s) de Treatwell et\/ou Amazon. Treatwell peut avoir besoin de partager vos informations personnelles avec Amazon afin que votre\/vos Bon(s) puisse(nt) \u00eatre utilis\u00e9(s) par vous ou vous \u00eatre envoy\u00e9(s) directement par Amazon.<\/p>\n<p>Il vous sera \u00e9galement demand\u00e9 d&#8217;indiquer le nom complet, l&#8217;adresse \u00e9lectronique, le num\u00e9ro de t\u00e9l\u00e9phone et l&#8217;adresse postale de l&#8217;arbitre.<\/p>\n<p>Vous devez vous assurer que vous avez obtenu le consentement de la personne r\u00e9f\u00e9r\u00e9e pour fournir ces informations \u00e0 Treatwell et faire en sorte que la personne r\u00e9f\u00e9r\u00e9e prenne connaissance des pr\u00e9sentes Conditions G\u00e9n\u00e9rales. Vous serez responsable envers Treatwell de toute perte encourue en ne respectant pas ces exigences.<\/p>\n<p>Les informations personnelles seront collect\u00e9es, trait\u00e9es et utilis\u00e9es par Treatwell en tant que responsable du traitement des donn\u00e9es conform\u00e9ment \u00e0 la politique de confidentialit\u00e9 et de cookies de Treatwell qui peut \u00eatre consult\u00e9e ici https:\/\/www.treatwell.be\/fr\/ .<\/p>\n<p>Tout Parrain ou R\u00e9f\u00e9rent dispose d&#8217;un droit d&#8217;acc\u00e8s, de modification, de rectification et de suppression des donn\u00e9es le concernant. Le R\u00e9f\u00e9rent ou les R\u00e9f\u00e9r\u00e9s peuvent exercer ce droit en \u00e9crivant \u00e0 l&#8217;adresse \u00e9lectronique figurant en t\u00eate des pr\u00e9sentes Conditions G\u00e9n\u00e9rales.<\/p>\n<h2>LIMITATION DE RESPONSABILIT\u00c9<\/h2>\n<p>Treatwell ne peut \u00eatre tenu responsable de la non-r\u00e9ception des r\u00e9f\u00e9rences en raison de probl\u00e8mes techniques ou de difficult\u00e9s de r\u00e9seau. Une preuve de soumission ne constitue pas une preuve de livraison. En participant \u00e0 la Scheme, vous acceptez que vous participez \u00e0 vos propres risques. A l&#8217;exception du fait que Treatwell n&#8217;exclut pas ou ne limite pas sa responsabilit\u00e9 pour les dommages corporels ou le d\u00e9c\u00e8s caus\u00e9s par sa n\u00e9gligence ou pour les d\u00e9clarations frauduleuses ou toute autre responsabilit\u00e9 qui ne peut, en vertu de la loi, \u00eatre limit\u00e9e ou exclue, Treatwell n&#8217;accepte aucune responsabilit\u00e9 en relation avec la participation (ou l&#8217;incapacit\u00e9 de participer) d&#8217;une personne au Programme dans la mesure maximale autoris\u00e9e par la loi, y compris tout dommage direct, indirect, accessoire, cons\u00e9cutif ou tout autre type de dommage li\u00e9 \u00e0 ou d\u00e9coulant du Programme ou de votre participation au Programme.<\/p>\n<h2>SEVERANCE<\/h2>\n<p>Si une partie des pr\u00e9sentes conditions g\u00e9n\u00e9rales est jug\u00e9e inapplicable en droit, toutes les autres parties des pr\u00e9sentes conditions g\u00e9n\u00e9rales ne sont pas affect\u00e9es et restent en vigueur.<\/p>\n<h2>DROIT APPLICABLE<\/h2>\n<p>Le Programme et les pr\u00e9sentes Conditions G\u00e9n\u00e9rales seront r\u00e9gis par et interpr\u00e9t\u00e9s conform\u00e9ment aux lois du pays de la soci\u00e9t\u00e9 Treatwell concern\u00e9e. Vous et nous convenons tous deux que les tribunaux de ce pays auront une comp\u00e9tence non exclusive pour toute r\u00e9clamation ou tout litige d\u00e9coulant du R\u00e9gime ou des pr\u00e9sentes Conditions g\u00e9n\u00e9rales, ou s&#8217;y rapportant.<\/p>\n<h2>QUESTIONS<\/h2>\n<p>Si vous avez des questions concernant le programme ou son fonctionnement, veuillez contacter votre gestionnaire de compte local si vous en avez un ou en envoyant un courriel \u00e0 l&#8217;adresse \u00e9lectronique de votre juridiction indiqu\u00e9e en haut des pr\u00e9sentes conditions g\u00e9n\u00e9rales.<\/p>\n<p>&nbsp;<\/p>\n                <\/div>\n            <\/article>\n        <\/div>\n    <\/section>\n","protected":false},"excerpt":{"rendered":"","protected":false},"author":81,"featured_media":0,"parent":2541,"menu_order":0,"comment_status":"closed","ping_status":"closed","template":"templates\/base.php","meta":{"_acf_changed":false,"_editorskit_title_hidden":false,"_editorskit_reading_time":0,"_editorskit_is_block_options_detached":false,"_editorskit_block_options_position":"{}","footnotes":""},"class_list":["post-2543","page","type-page","status-publish","hentry"],"acf":[],"yoast_head":"<!-- This site is optimized with the Yoast SEO plugin v27.3 - https:\/\/yoast.com\/product\/yoast-seo-wordpress\/ -->\n<title>Programme de parrainage Treatwell PRO - Termes et Conditions - Treatwell Business<\/title>\n<meta name=\"robots\" content=\"index, follow, max-snippet:-1, max-image-preview:large, max-video-preview:-1\" \/>\n<link rel=\"canonical\" href=\"https:\/\/www.treatwell.be/fr/partenaires\/recommander-un-salon-partner\/programme-de-parrainage-treatwell-pro-termes-et-conditions\/\" \/>\n<meta property=\"og:locale\" content=\"fr_FR\" \/>\n<meta property=\"og:type\" content=\"article\" \/>\n<meta property=\"og:title\" content=\"Programme de parrainage Treatwell PRO - Termes et Conditions - Treatwell Business\" \/>\n<meta property=\"og:url\" content=\"https:\/\/www.treatwell.be/fr/partenaires\/recommander-un-salon-partner\/programme-de-parrainage-treatwell-pro-termes-et-conditions\/\" \/>\n<meta property=\"og:site_name\" content=\"Treatwell Business\" \/>\n<meta property=\"article:modified_time\" content=\"2024-12-18T16:06:07+00:00\" \/>\n<meta property=\"og:image\" content=\"https:\/\/www.treatwell.be/fr/partenaires\/wp-content\/uploads\/sites\/12\/2024\/12\/fb-share.png\" \/>\n\t<meta property=\"og:image:width\" content=\"1200\" \/>\n\t<meta property=\"og:image:height\" content=\"630\" \/>\n\t<meta property=\"og:image:type\" content=\"image\/png\" \/>\n<meta name=\"twitter:card\" content=\"summary_large_image\" \/>\n<script type=\"application\/ld+json\" class=\"yoast-schema-graph\">{\"@context\":\"https:\\\/\\\/schema.org\",\"@graph\":[{\"@type\":\"WebPage\",\"@id\":\"https:\\\/\\\/www.treatwell.be/fr/partenaires\\\/recommander-un-salon-partner\\\/programme-de-parrainage-treatwell-pro-termes-et-conditions\\\/\",\"url\":\"https:\\\/\\\/www.treatwell.be/fr/partenaires\\\/recommander-un-salon-partner\\\/programme-de-parrainage-treatwell-pro-termes-et-conditions\\\/\",\"name\":\"Programme de parrainage Treatwell PRO - Termes et Conditions - Treatwell Business\",\"isPartOf\":{\"@id\":\"https:\\\/\\\/www.treatwell.be/fr/partenaires\\\/#website\"},\"datePublished\":\"2022-06-29T16:34:04+00:00\",\"dateModified\":\"2024-12-18T16:06:07+00:00\",\"breadcrumb\":{\"@id\":\"https:\\\/\\\/www.treatwell.be/fr/partenaires\\\/recommander-un-salon-partner\\\/programme-de-parrainage-treatwell-pro-termes-et-conditions\\\/#breadcrumb\"},\"inLanguage\":\"fr-BE\",\"potentialAction\":[{\"@type\":\"ReadAction\",\"target\":[\"https:\\\/\\\/www.treatwell.be/fr/partenaires\\\/recommander-un-salon-partner\\\/programme-de-parrainage-treatwell-pro-termes-et-conditions\\\/\"]}]},{\"@type\":\"BreadcrumbList\",\"@id\":\"https:\\\/\\\/www.treatwell.be/fr/partenaires\\\/recommander-un-salon-partner\\\/programme-de-parrainage-treatwell-pro-termes-et-conditions\\\/#breadcrumb\",\"itemListElement\":[{\"@type\":\"ListItem\",\"position\":1,\"name\":\"Home\",\"item\":\"https:\\\/\\\/www.treatwell.be/fr/partenaires\\\/\"},{\"@type\":\"ListItem\",\"position\":2,\"name\":\"Recommander un salon partner\",\"item\":\"https:\\\/\\\/www.treatwell.be/fr/partenaires\\\/recommander-un-salon-partner\\\/\"},{\"@type\":\"ListItem\",\"position\":3,\"name\":\"Programme de parrainage Treatwell PRO &#8211; Termes et Conditions\"}]},{\"@type\":\"WebSite\",\"@id\":\"https:\\\/\\\/www.treatwell.be/fr/partenaires\\\/#website\",\"url\":\"https:\\\/\\\/www.treatwell.be/fr/partenaires\\\/\",\"name\":\"Treatwell Business\",\"description\":\"\",\"publisher\":{\"@id\":\"https:\\\/\\\/www.treatwell.be/fr/partenaires\\\/#organization\"},\"potentialAction\":[{\"@type\":\"SearchAction\",\"target\":{\"@type\":\"EntryPoint\",\"urlTemplate\":\"https:\\\/\\\/www.treatwell.be/fr/partenaires\\\/?s={search_term_string}\"},\"query-input\":{\"@type\":\"PropertyValueSpecification\",\"valueRequired\":true,\"valueName\":\"search_term_string\"}}],\"inLanguage\":\"fr-BE\"},{\"@type\":\"Organization\",\"@id\":\"https:\\\/\\\/www.treatwell.be/fr/partenaires\\\/#organization\",\"name\":\"Treatwell\",\"url\":\"https:\\\/\\\/www.treatwell.be/fr/partenaires\\\/\",\"logo\":{\"@type\":\"ImageObject\",\"inLanguage\":\"fr-BE\",\"@id\":\"https:\\\/\\\/www.treatwell.be/fr/partenaires\\\/#\\\/schema\\\/logo\\\/image\\\/\",\"url\":\"https:\\\/\\\/www.treatwell.be/fr/partenaires\\\/wp-content\\\/uploads\\\/sites\\\/12\\\/2020\\\/04\\\/treatwell-logotype-navy-rgb@2x.png\",\"contentUrl\":\"https:\\\/\\\/www.treatwell.be/fr/partenaires\\\/wp-content\\\/uploads\\\/sites\\\/12\\\/2020\\\/04\\\/treatwell-logotype-navy-rgb@2x.png\",\"width\":302,\"height\":56,\"caption\":\"Treatwell\"},\"image\":{\"@id\":\"https:\\\/\\\/www.treatwell.be/fr/partenaires\\\/#\\\/schema\\\/logo\\\/image\\\/\"}}]}<\/script>\n<!-- \/ Yoast SEO plugin. -->","yoast_head_json":{"title":"Programme de parrainage Treatwell PRO - Termes et Conditions - Treatwell Business","robots":{"index":"index","follow":"follow","max-snippet":"max-snippet:-1","max-image-preview":"max-image-preview:large","max-video-preview":"max-video-preview:-1"},"canonical":"https:\/\/www.treatwell.be/fr/partenaires\/recommander-un-salon-partner\/programme-de-parrainage-treatwell-pro-termes-et-conditions\/","og_locale":"fr_FR","og_type":"article","og_title":"Programme de parrainage Treatwell PRO - Termes et Conditions - Treatwell Business","og_url":"https:\/\/www.treatwell.be/fr/partenaires\/recommander-un-salon-partner\/programme-de-parrainage-treatwell-pro-termes-et-conditions\/","og_site_name":"Treatwell Business","article_modified_time":"2024-12-18T16:06:07+00:00","og_image":[{"width":1200,"height":630,"url":"https:\/\/www.treatwell.be/fr/partenaires\/wp-content\/uploads\/sites\/12\/2024\/12\/fb-share.png","type":"image\/png"}],"twitter_card":"summary_large_image","schema":{"@context":"https:\/\/schema.org","@graph":[{"@type":"WebPage","@id":"https:\/\/www.treatwell.be/fr/partenaires\/recommander-un-salon-partner\/programme-de-parrainage-treatwell-pro-termes-et-conditions\/","url":"https:\/\/www.treatwell.be/fr/partenaires\/recommander-un-salon-partner\/programme-de-parrainage-treatwell-pro-termes-et-conditions\/","name":"Programme de parrainage Treatwell PRO - Termes et Conditions - Treatwell Business","isPartOf":{"@id":"https:\/\/www.treatwell.be/fr/partenaires\/#website"},"datePublished":"2022-06-29T16:34:04+00:00","dateModified":"2024-12-18T16:06:07+00:00","breadcrumb":{"@id":"https:\/\/www.treatwell.be/fr/partenaires\/recommander-un-salon-partner\/programme-de-parrainage-treatwell-pro-termes-et-conditions\/#breadcrumb"},"inLanguage":"fr-BE","potentialAction":[{"@type":"ReadAction","target":["https:\/\/www.treatwell.be/fr/partenaires\/recommander-un-salon-partner\/programme-de-parrainage-treatwell-pro-termes-et-conditions\/"]}]},{"@type":"BreadcrumbList","@id":"https:\/\/www.treatwell.be/fr/partenaires\/recommander-un-salon-partner\/programme-de-parrainage-treatwell-pro-termes-et-conditions\/#breadcrumb","itemListElement":[{"@type":"ListItem","position":1,"name":"Home","item":"https:\/\/www.treatwell.be/fr/partenaires\/"},{"@type":"ListItem","position":2,"name":"Recommander un salon partner","item":"https:\/\/www.treatwell.be/fr/partenaires\/recommander-un-salon-partner\/"},{"@type":"ListItem","position":3,"name":"Programme de parrainage Treatwell PRO &#8211; Termes et Conditions"}]},{"@type":"WebSite","@id":"https:\/\/www.treatwell.be/fr/partenaires\/#website","url":"https:\/\/www.treatwell.be/fr/partenaires\/","name":"Treatwell Business","description":"","publisher":{"@id":"https:\/\/www.treatwell.be/fr/partenaires\/#organization"},"potentialAction":[{"@type":"SearchAction","target":{"@type":"EntryPoint","urlTemplate":"https:\/\/www.treatwell.be/fr/partenaires\/?s={search_term_string}"},"query-input":{"@type":"PropertyValueSpecification","valueRequired":true,"valueName":"search_term_string"}}],"inLanguage":"fr-BE"},{"@type":"Organization","@id":"https:\/\/www.treatwell.be/fr/partenaires\/#organization","name":"Treatwell","url":"https:\/\/www.treatwell.be/fr/partenaires\/","logo":{"@type":"ImageObject","inLanguage":"fr-BE","@id":"https:\/\/www.treatwell.be/fr/partenaires\/#\/schema\/logo\/image\/","url":"https:\/\/www.treatwell.be/fr/partenaires\/wp-content\/uploads\/sites\/12\/2020\/04\/treatwell-logotype-navy-rgb@2x.png","contentUrl":"https:\/\/www.treatwell.be/fr/partenaires\/wp-content\/uploads\/sites\/12\/2020\/04\/treatwell-logotype-navy-rgb@2x.png","width":302,"height":56,"caption":"Treatwell"},"image":{"@id":"https:\/\/www.treatwell.be/fr/partenaires\/#\/schema\/logo\/image\/"}}]}},"_links":{"self":[{"href":"https:\/\/www.treatwell.be\/fr\/partenaires\/wp-json\/wp\/v2\/pages\/2543","targetHints":{"allow":["GET"]}}],"collection":[{"href":"https:\/\/www.treatwell.be\/fr\/partenaires\/wp-json\/wp\/v2\/pages"}],"about":[{"href":"https:\/\/www.treatwell.be\/fr\/partenaires\/wp-json\/wp\/v2\/types\/page"}],"author":[{"embeddable":true,"href":"https:\/\/www.treatwell.be\/fr\/partenaires\/wp-json\/wp\/v2\/users\/81"}],"replies":[{"embeddable":true,"href":"https:\/\/www.treatwell.be\/fr\/partenaires\/wp-json\/wp\/v2\/comments?post=2543"}],"version-history":[{"count":0,"href":"https:\/\/www.treatwell.be\/fr\/partenaires\/wp-json\/wp\/v2\/pages\/2543\/revisions"}],"up":[{"embeddable":true,"href":"https:\/\/www.treatwell.be\/fr\/partenaires\/wp-json\/wp\/v2\/pages\/2541"}],"wp:attachment":[{"href":"https:\/\/www.treatwell.be\/fr\/partenaires\/wp-json\/wp\/v2\/media?parent=2543"}],"curies":[{"name":"wp","href":"https:\/\/api.w.org\/{rel}","templated":true}]}}